-38)/4)/((-20)/601640*13)?
13, 19, 89
Let j(r) = -12646*r**3 - 3*r**2 - 10*r - 8. List the prime factors of j(-1).
3, 5, 281
Suppose -294 = 2*s - 4*s. Let a = 327 - 223. Let c = s - a. List the prime factors of c.
43
List the prime factors of 36713/(18 - (20 - 3)).
36713
Let v(n) = -n**2 - 18*n - 29. Let i be v(-16). Suppose -126 = 19*a - 22*a + i*q, 122 = 3*a + q. List the prime factors of a.
41
Suppose 10726250 = 227*i + 2671382. List the prime factors of i.
2, 3, 2957
Suppose -119*h = -118*h - 8. Suppose -h*r + 3*r + 2519 = 4*x, -2*x + 1255 = r. List the prime factors of x.
2, 313
What are the prime factors of -228*(-1252)/(-24)*(2 - 4)?
2, 19, 313
Let i(b) = 3*b - 39. Let l be i(14). What are the prime factors of 2 - (l - -1) - -811?
809
Let n = -51 + 54. Suppose 4*u + n*l = l + 8, -l = -u - 1. List the prime factors of 39/(-6)*(-21 + u).
2, 5, 13
Suppose -6556*h + 6546*h + 54850 = 0. List the prime factors of h.
5, 1097
Let c(u) = u**2 + 7*u + 10. Let s be c(-5). Suppose s = -9*w + 6115 - 967. What are the prime factors of w?
2, 11, 13
Let y = 22 - 18. Suppose 0 = -y*v - 5*v + 45. Suppose -n = -5*w + 28 + 66, -v*n - 110 = -5*w. List the prime factors of w.
2, 3
Let s(u) = u**3 + 21*u**2 + 83*u + 10. Let l be s(-17). Let y = l - -529. List the prime factors of y.
2, 71
Let w(a) = 50568*a**2 + 247*a - 248. What are the prime factors of w(1)?
11, 4597
Suppose 5*t - 7 - 2 = -2*s, 3 = 3*t. Suppose -158 = -o + 5*f, -4*o = s*f + 8 - 574. Let p = 53 + o. What are the prime factors of p?
2, 7
List the prime factors of 26/325 - 4036092/(-100).
40361
Let w(h) = -h**3 - 10*h**2 - 8*h + 7. Let c be w(-9). Let z be -46*(3 - (-11)/c). Let g = z + -103. What are the prime factors of g?
2, 3
Suppose 17*h = 3*l + 21*h - 64583, h + 107669 = 5*l. What are the prime factors of l?
61, 353
Let q be (4/((-8)/(-3)))/((-30)/40). Let h be ((-4)/(-20)*q)/((-2)/50). Suppose 2*b + o - 78 = 5*o, 5*o = -h. What are the prime factors of b?
5, 7
Let d = -1 - 9. Let b be (-6)/(-15) + (-896)/d. Suppose -4*y + b = -298. What are the prime factors of y?
97
Suppose 5*l - 243 = -2*i + i, 0 = -4*i + 5*l + 1022. Let p = i - 52. What are the prime factors of p?
3, 67
Let l(a) = -a**2 - 40*a + 67. Let n be l(-23). Suppose -n - 1162 = -5*r. List the prime factors of r.
2, 3
Let n = 107 + 288. Suppose 0*f + n = f. List the prime factors of f.
5, 79
Suppose 4*g = 12 + 28. Suppose 11*m = g*m + 4. Suppose -m*n = -n - 201. What are the prime factors of n?
67
Suppose 17*o - 37524 = 964. Suppose 0 = -2*d + 2*a + 1528, 4*a = -3*d - 0*d + o. List the prime factors of d.
2, 5, 19
Suppose -3*h = -26 - 16. What are the prime factors of 1040/h + -1 + (-10)/(-14)?
2, 37
Let v(i) = -i**2 + 42*i - 151. Let g be v(38). List the prime factors of (-77 + -244)*(g + -6).
3, 5, 107
Let y be 3117/7 - 20/70. Suppose -w + 1145 + 183 = 3*o, 2*w + y = o. What are the prime factors of o?
443
Let l(y) be the first derivative of -164*y**2 + 2*y - 20. Let o be l(-1). Suppose 8*u - o = 2*u. List the prime factors of u.
5, 11
Let m(y) = y**2 - 34*y - 46. Let s be m(37). Let i = s + 407. What are the prime factors of i?
2, 59
Let b(f) = 23*f - 16. Let c be b(14). Let p = c + -108. Let t = -128 + p. List the prime factors of t.
2, 5, 7
Let m = -55 - -58. Suppose -2*x + k = -2, -m*x + 4*k + 0 - 7 = 0. Suppose q = 5*a + 39, -15 = -x*q + 5*a + 92. What are the prime factors of q?
2, 17
Let y be 405/30*-4*3. Let z = 608 + y. List the prime factors of z.
2, 223
Let l = -25674 + 32715. List the prime factors of l.
3, 2347
Let s(h) = -1051*h + 11491. List the prime factors of s(-20).
3, 10837
Let k be -1 + 2/(-8) - (-6)/(-8). Let i be ((-3)/k + -1)/(20/(-18680)). Let q = -320 - i. What are the prime factors of q?
3, 7
Let d be (-10)/(-25) + (-4314)/(-15). Suppose d = 3*s - 108. List the prime factors of s.
2, 3, 11
Let u = 2879 - 2443. List the prime factors of u.
2, 109
Let h = -37 + 37. Suppose f + 1 + h = 0, -2*r + 12 = 4*f. Suppose -256 = -r*s + 4*s. List the prime factors of s.
2
Let t be 24/(-20)*-5*8/24. Suppose -5*o + t*o + 12 = 0, 3*o = c - 999. What are the prime factors of c?
3, 337
Let n = 24 + -19. Suppose n*o - 31 = 89. What are the prime factors of (18/o)/(-2 - (-257)/128)?
2, 3
Let q(d) = d**2 + 3*d - 2. Suppose -h = 3*b - 5*h - 14, -2*b + 3*h = -10. Let g be q(b). Suppose 10*m - 138 = g*m. What are the prime factors of m?
3, 23
Let a(p) = p**2 + 11*p + 15. Let n be a(-12). Suppose -8*x - x = n. List the prime factors of 2*1/(((-12)/x)/228).
2, 3, 19
Let y(r) be the second derivative of -47*r + 35/2*r**2 + 0 + 1/12*r**4 + 0*r**3. List the prime factors of y(-11).
2, 3, 13
Let w be 1/(24/(-6)) - 13393/(-4). Suppose 0*k = -3*k + w. Suppose 0 = -9*n - 3*n + k. What are the prime factors of n?
3, 31
Let j(y) = 320*y**2 + 3*y + 7. Suppose -41*d + 8 = -37*d. List the prime factors of j(d).
3, 431
Let u be (-1)/(6 + 332/(-56)). Let v = -53 + 141. Let i = v - u. What are the prime factors of i?
2, 3, 17
Let v(z) = 9107*z**2 + 178*z + 179. List the prime factors of v(-1).
2, 3, 11, 23
Suppose -52844 = -11*f + 294998. What are the prime factors of f?
2, 97, 163
Let k(d) = -d + 7 + 15 + 3*d. Let q be 4 - -1 - (111 - 98). List the prime factors of k(q).
2, 3
Suppose w + 2*h = 4*w - 16029, -2*w = 2*h - 10686. List the prime factors of w.
3, 13, 137
Suppose 0 = -224*u + 220*u + 16508. Suppose -3*g + g - u = -5*c, 5*c + 4*g - 4121 = 0. List the prime factors of c.
3, 5, 11
Suppose 19*n - 22*n + 45 = 0. Let l(h) = -h**3 + 15*h**2 + 57*h - 9. What are the prime factors of l(n)?
2, 3, 47
Suppose 7*m + 3 = 8*m. Let c be -1*5*(m - (-72)/(-20)). List the prime factors of c - -1 - 0 - 0/1.
2
Let b(w) = -582*w + 3637. What are the prime factors of b(-18)?
11, 1283
Suppose -948 = -8*p - 2588. Let j = p - -357. List the prime factors of j.
2, 19
Suppose 3*k + 27046 = o, 108212 = 68*o - 64*o + 2*k. What are the prime factors of o?
2, 6763
Suppose 9*b - 29 = 61. Suppose -3*c + b*c = 28. Suppose 63 = 5*g + 4*u - 5*u, 2*u + 54 = c*g. What are the prime factors of g?
2, 3
Suppose 9 = -2*j + 13. Let u(c) = 15*c - 16*c**j + 53 + 54 - 94 + c**3. What are the prime factors of u(15)?
13
Suppose -8*t = -20*t - 1260. Let z be (t/(-14))/(3*(-2)/(-160)). Let k = z - 9. What are the prime factors of k?
191
Suppose 2*x - 11 = -5*w + 1262, -2*x + w = -1267. Suppose 6*y - x - 740 = 0. Suppose -5*l + 2*l + y = -4*g, 4 = 2*g. List the prime factors of l.
79
Suppose 291*z - 285*z = 103620. List the prime factors of z.
2, 5, 11, 157
Let g be (-5)/4*-4 - 828/(-2). Let b = g + -1. List the prime factors of b.
2, 11, 19
What are the prime factors of (-3)/12 - (-12 + (-663747)/28)?
37, 641
Let t = 902 + -34. Suppose 1080 = 5*p - 5*d, 13*p + t = 17*p - 5*d. List the prime factors of p.
2, 53
Suppose -3*q + j - 989 + 102 = 0, -2*q = -2*j + 594. Let o = -497 - q. Let k = o + 447. List the prime factors of k.
5, 7
Let i = 8272 + -3608. Suppose i = 13*b - 2*b. List the prime factors of b.
2, 53
Let n(t) = 119*t**2 - 23*t - 3. List the prime factors of n(-9).
3, 17, 193
Suppose 0 = -5*a + z + 2635, 6*a - 5*z = a + 2655. Let x = a - 460. What are the prime factors of x?
2, 3, 11
Let z be (84/(-49))/((-5)/(105/6)). Suppose 4 - z = y. What are the prime factors of y/(-9) - 4827/(-27)*1?
179
Let k(m) = -45*m - 55. Let h(l) = 22*l + 27. Let b(q) = -7*h(q) - 3*k(q). Let p be (-19)/3 + 2 - (-4)/(-6). List the prime factors of b(p).
71
Let d(u) = 6*u**2 - 11*u + 67. Suppose 5*n - 49 = -3*p, 10 = 2*n + 2*p - 8. List the prime factors of d(n).
2, 3, 7
Suppose -96823 - 112626 = -9*m + 95849. List the prime factors of m.
2, 7, 2423
List the prime factors of 10463/14*(-54 - -68).
10463
Suppose 23*p - 2368450 = -28*p - 19*p. What are the prime factors of p?
5, 67, 101
Suppose 8*m - 13*m + 10 = 0. Let u be (-2 - -2)/5 + m. Suppose -105 = -u*g + 303. List the prime factors of g.
2, 3, 17
Suppose 23 = -3*v + 263. Let z = 257 + -227. Let p = v - z. List the prime factors of p.
2, 5
Suppose -n - 165 = -2*n. Let b = 53 + -53. Suppose -5*g + n + 575 = b. List the prime factors of g.
2, 37
Suppose 0 = 352*f - 303*f - 1191043. List the prime factors of f.
109, 223
Suppose -182*f - 181*f - 57060 = -378*f. What are the prime factors of f?
2, 3, 317
Suppose 0 = 32*g - 12*g - 250560. W